2).
32
Let k(i) = 2*i**3 - 31*i**2 - 131*i - 22. Give k(19).
16
Let u(g) = 13*g**2 - 774*g + 338. Give u(59).
-75
Let d(s) = 64*s**3 + 2*s**2 + 68. What is d(0)?
68
Let m(v) = 17*v**2 - 20*v - 9. Calculate m(-3).
204
Let f(x) = 125*x - 7871. Give f(63).
4
Let x(w) = 108*w - 1175. What is x(11)?
13
Let m(t) = -23*t**3 - 3*t**2 + 1. Calculate m(-1).
21
Let j(z) = z**3 - 173*z**2 - 699*z - 1595. Determine j(177).
-2
Let l(b) = -b**3 - 16*b**2 + 60*b + 1277. Determine l(-13).
-10
Let d(q) = 52*q**2 - 116*q - 2. Determine d(2).
-26
Let m(r) = 15*r + 1273. Determine m(-46).
583
Let w(u) = u**3 + 6*u**2 - 7*u + 31. What is w(-6)?
73
Let q(w) = 352*w + 3841. Calculate q(-11).
-31
Let m(u) = u**3 - 27*u**2 - 50*u + 626. Give m(28).
10
Let d(i) = 2*i**2 + 70*i + 337. Determine d(-6).
-11
Let r(j) = 4*j - 76. Give r(0).
-76
Let g(x) = -x**3 - 31*x**2 + 107*x + 132. Calculate g(-34).
-38
Let b(h) = -31*h + 25. Give b(-2).
87
Let s(u) = 7*u - 333. What is s(35)?
-88
Let y(n) = -n**2 - 205*n + 1486. Calculate y(7).
2
Let c(k) = 3*k**3 - 172*k**2 - 117*k + 50. Give c(58).
-8
Let v(m) = 44*m + 58. What is v(7)?
366
Let u(s) = -s**2 + 21*s + 750. What is u(41)?
-70
Let i(s) = -14*s**2 + 2*s - 15. What is i(2)?
-67
Let a(o) = 8*o**2 + 6*o - 4. Give a(-3).
50
Let s(u) = 140*u + 3630. Calculate s(-26).
-10
Let w(k) = -3582*k + 82391. Give w(23).
5
Let r(k) = k**3 + 16*k**2 - 19*k - 177. Give r(-16).
127
Let u(i) = -2*i**3 - 82*i**2 + 326*i - 187. Give u(3).
-1
Let n(z) = -z**3 - 8*z**2 - 146*z - 1383. What is n(-9)?
12
Let z(n) = -n**3 - 10*n**2 - 15*n + 3. Determine z(-8).
-5
Let u(j) = -j**3 + 66*j**2 - 3*j + 167. What is u(66)?
-31
Let a(f) = 68*f - 676. Give a(0).
-676
Let o(v) = -168*v - 1379. What is o(-6)?
-371
Let f(q) = q**2 + 10*q + 85. Give f(8).
229
Let b(v) = -69*v + 207. Determine b(3).
0
Let d(w) = w**2 + 174*w + 4727. Give d(-33).
74
Let b(d) = 77*d**2 - 4617*d - 165. Determine b(60).
15
Let f(b) = -3*b**2 - 27*b - 81. Determine f(-4).
-21
Let f(l) = 2*l**3 + 37*l**2 + 8*l - 199. Calculate f(-18).
-19
Let i(x) = 405*x - 17402. Determine i(43).
13
Let p(w) = 2*w**2 - 59*w + 262. Calculate p(25).
37
Let w(b) = -907*b + 2728. Give w(3).
7
Let y(g) = -g**3 - 16*g**2 - 13*g + 24. Calculate y(-15).
-6
Let f(g) = -g**3 - 261*g**2 - 1025*g + 765. What is f(-257)?
-6
Let r(c) = -c**2 - 6*c + 97. Calculate r(-9).
70
Let w(i) = 2*i**3 + 9*i**2 - 20*i - 112. What is w(-7)?
-217
Let v(z) = 3*z**2 - 1793*z - 1797. Give v(-1).
-1
Let o(c) = -3*c**3 + 5*c**2 + 12*c - 13. Calculate o(5).
-203
Let f(w) = 2453*w - 17157. Give f(7).
14
Let p(a) = -2*a**2 + 108*a - 112. Give p(53).
-6
Let q(a) = -30*a - 1441. What is q(-53)?
149
Let d(b) = -61*b + 856. Determine d(14).
2
Let s(z) = 4*z**2 + 25*z - 91. Determine s(-8).
-35
Let t(r) = -4*r**3 + 19*r**2 - 22*r - 2. What is t(3)?
-5
Let t(q) = -5*q - 61. Determine t(-16).
19
Let h(r) = 4*r**3 + 56*r**2 + 194*r + 7. Give h(-9).
-119
Let k(i) = -822*i + 13895. What is k(17)?
-79
Let a(d) = d**3 + 10*d**2 + 20*d + 101. What is a(-9)?
2
Let u(s) = -44*s + 3029. Determine u(69).
-7
Let p(d) = -9*d**2 - 351*d - 2612. What is p(-29)?
-2
Let o(y) = -3*y**3 + 249*y**2 - 10*y + 818. What is o(83)?
-12
Let o(v) = 79*v + 605. Calculate o(-6).
131
Let b(d) = -171*d - 16. What is b(-1)?
155
Let x(s) = 172*s + 2303. Calculate x(-13).
67
Let v(j) = -j**3 - 6*j**2 - 25*j - 56. What is v(-5)?
44
Let l(h) = -h**3 + 24*h**2 - 33*h + 23. What is l(23)?
-207
Let h(g) = 313*g**2 - 6*g + 1. What is h(1)?
308
Let j(o) = 25*o**2 - 143*o + 791. Determine j(6).
833
Let h(p) = 86*p + 1028. Determine h(-12).
-4
Let a(p) = -p**3 - 48*p**2 + 51*p + 87. What is a(-49)?
-11
Let y(q) = 19*q - 250. Calculate y(15).
35
Let x(b) = 102*b - 1420. Give x(14).
8
Let u(k) = 8*k + 105. Determine u(-3).
81
Let t(p) = -75*p + 10644. Determine t(142).
-6
Let q(n) = 50*n + 109. What is q(-2)?
9
Let n(h) = h**3 - 8*h**2 + 100*h - 647. Determine n(7).
4
Let k(y) = -16*y + 658. Give k(41).
2
Let s(t) = -5*t**2 + 2276*t - 4556. Calculate s(2).
-24
Let f(t) = t**3 + 14*t**2 - t - 35. Calculate f(-14).
-21
Let x(q) = -1835*q + 144966. Give x(79).
1
Let t(u) = -176*u + 8806. Determine t(50).
6
Let l(f) = 2*f**2 + 85*f - 1696. Determine l(-55).
-321
Let u(r) = 1811*r + 47090. What is u(-26)?
4
Let n(g) = -g**3 - 13*g**2 + 31*g + 45. What is n(-15)?
30
Let a(q) = q**3 - 7*q**2 + 10*q - 234. What is a(9)?
18
Let j(z) = z**3 + 31*z**2 + 108*z + 1. Determine j(-27).
1
Let o(y) = -9*y**2 + 4*y - 7. Give o(4).
-135
Let x(w) = -127*w - 20. What is x(-2)?
234
Let c(z) = 32*z**2 + 40*z + 185. Calculate c(-5).
785
Let t(m) = -3835*m + 80545. What is t(21)?
10
Let c(y) = -79*y + 399. What is c(5)?
4
Let m(y) = -836*y - 723. What is m(-1)?
113
Let j(y) = y**2 - 449*y + 4819. Give j(11).
1
Let x(u) = u**2 + 43*u + 468. What is x(-20)?
8
Let l(b) = 2*b**2 - 137*b - 1167. Determine l(-8).
57
Let f(v) = -v**3 + 17*v**2 + 41*v - 74. Calculate f(19).
-17
Let o(v) = 1999*v - 17964. What is o(9)?
27
Let g(i) = -i**3 - 8*i**2 - 15*i - 28. Calculate g(-8).
92
Let r(i) = -262*i - 10965. What is r(-42)?
39
Let r(p) = -p**3 - 21*p**2 + 24*p + 507. What is r(-21)?
3
Let n(x) = -8*x**3 - 2*x**2 + 23*x + 36. What is n(-2)?
46
Let y(z) = -5*z**3 - 96*z**2 - 5*z + 295. Give y(-19).
29
Let u(p) = 266*p - 190. Determine u(-1).
-456
Let y(v) = -v**3 + 38*v**2 - 25*v + 2. Calculate y(37).
446
Let u(p) = 16*p + 853. What is u(-51)?
37
Let t(b) = b**2 + 46*b + 165. What is t(-43)?
36
Let f(p) = -3*p**3 + 64*p**2 - 36*p + 320. What is f(21)?
5
Let n(c) = c**3 - 75*c**2 - 146*c - 616. Give n(77).
0
Let i(c) = c**2 - 75*c + 479. What is i(68)?
3
Let m(x) = -1039*x - 6259. Give m(-6).
-25
Let u(x) = x**3 - 3*x**2 + 5*x + 23. Determine u(0).
23
Let p(b) = -2*b**3 + b**2 + 43*b. Determine p(5).
-10
Let p(j) = -107*j + 425. What is p(5)?
-110
Let f(t) = -t**3 - 13*t**2 + 49*t + 4. What is f(4)?
-72
Let c(p) = -30*p**2 + 58*p + 407. Calculate c(-6).
-1021
Let r(z) = -1867*z + 14954. Calculate r(8).
18
Let i(r) = -2*r**2 + 15*r + 79. Determine i(15).
-146
Let d(m) = -m**2 + 21*m - 14. Give d(5).
66
Let r(t) = -2*t**2 + 121*t - 890. Calculate r(52).
-6
Let f(h) = 74*h**2 + 456*h + 87. Determine f(-6).
15
Let v(u) = -10*u + 76. Calculate v(33).
-254
Let m(b) = b**2 + 56*b - 348. Calculate m(5).
-43
Let v(h) = -h**2 - 627*h + 10293. Calculate v(16).
5
Let r(p) = -89*p + 2800. Calculate r(31).
41
Let y(u) = -3392*u - 13579. Calculate y(-4).
-11
Let n(k) = -12*k**2 + 59*k + 16. Determine n(5).
11
Let t(b) = -67*b**2 - 865*b - 21. Determine t(-13).
-99
Let q(v) = 1940*v**2 + 11640*v + 1. Calculate q(-6).
1
Let q(h) = -8*h**2 + 489*h - 24. Give q(61).
37
Let h(r) = -r**3 + 32*r**2 - r + 8. Determine h(0).
8
Let c(f) = -53*f - 166. What is c(-3)?
-7
Let i(g) = 5*g**2 + 20*g - 3. Give i(0).
-3
Let b(a) = 2*a**3 - 20*a**2 - 71*a - 90. Determine b(13).
1
Let b(s) = s**3 + 19*s**2 - 17*s - 232. What is b(-18)?
398
Let m(r) = -76*r + 255. Give m(4).
-49
Let c(b) = b**2 + 74*b + 681. Determine c(-11).
-12
Let m(j) = -945*j + 5670. Determine m(6).
0
Let i(u) = 70*u - 426. Give i(6).
-6
Let s(x) = -46*x - 795. Determine s(-17).
-13
Let w(z) = 2*z**3 - 18*z**2 - 16*z + 70. Calculate w(11).
378
Let i(h) = 4*h**2 + 102*h - 567. Give i(5).
43
Let g(a) = -17*a + 974. What is g(64)?
-114
Let t(w) = -w**3 - 53*w**2 - 4*w - 245. Determine t(-53).
-33
Let f(p) = 57*p - 666. Give f(12).
18
Let l(v) = 1653*v + 28092. Give l(-17).
-9
Let t(k) = -384*k**2 + 2*k. Give t(0).
0
Let y(l) = 559*l + 7156. Give y(-13).
-111
Let b(y) = y**2 + 27*y + 180. Give b(-23).
88
Let r(q) = q**2 - 488*q - 43508. Calculate r(-77).
-3
Let r(f) = -f**2 - 2*f - 56. Calculate r(-7).
-91
Let g(d) = 8*d**2 + 24*d - 92. Determine g(3).
52
Let h(y) = 1707*y + 11946. Determine h(-7).
-3
Let c(b) = b**3 - 7*b**2 - 23*b + 120. Determine c(7).
-41
Let m(n) = 98*n - 89. Calculate m(1).
9
Let c(p) = -9*p - 422. Calculate c(-66).
172
Let k(a) = 13*a + 1463. What is k(-113)?
-6
Let y(m) = 77*m + 1302. What is y(-17)?
-7
Let h(l) = l**3 + 13*l**2 - 13*l - 381. Calculate h(-13).
-212
Let l(k) = 28*k**2 - 3*k - 4. What is l(-2)?
114
Let k(n) = -58*n + 229. Determine k(-5).
519
Let o(c) = -311*c - 29523. What is o(-95)?
22
Let x(b) = b**3 + 7*b**2 + 18*b + 30. Determine x(-3).
12
Le